{"id":2,"date":"2023-10-22T12:55:16","date_gmt":"2023-10-22T17:55:16","guid":{"rendered":"https:\/\/www.tacticacorporativa.co\/?page_id=2"},"modified":"2023-10-24T22:26:01","modified_gmt":"2023-10-25T03:26:01","slug":"pagina-ejemplo","status":"publish","type":"page","link":"https:\/\/www.tacticacorporativa.co\/?page_id=2","title":{"rendered":"<h2>Hola mundo<\/h2>"},"content":{"rendered":"\n<p>Esta es una p\u00e1gina de ejemplo. Es diferente de una entrada de blog porque se quedar\u00e1 en ese lugar y se mostrar\u00e1 en la navegaci\u00f3n de tu sitio (en la mayor\u00eda de los temas). La mayor\u00eda de la gente comienza con una p\u00e1gina de acerca de que los introduce a los visitantes potenciales del sitio. Podr\u00eda decir algo como esto:<\/p>\n\n\n<p><body><\/p>\n<header class=\"header\" id=\"header\">\n<div class=\"logo__header\">\n           <a href=\"index.html\"><img decoding=\"async\" src=\"img\/logo-ST.jpg\" alt=\"logotipo\/saludtrec.co\"><\/a>\n        <\/div>\n<ul class=\"list__header\">\n<li class=\"item__header\"><a href=\"#\">Inicio<\/a><\/li>\n<li class=\"item__header\"><a href=\"#\">Plataforma estrat\u00e9gica<\/a><\/li>\n<li class=\"item__header\"><a href=\"#\">Servicios<\/a><\/li>\n<li class=\"item__header\"><a href=\"#\">Pacientes y familiares<\/a><\/li>\n<li class=\"item__header\"><a href=\"#\">Empleados<\/a><\/li>\n<li class=\"item__header\" id=\"content\">\n<div class=\"item__complet\">\n                    <a href=\"#\">Publicaciones <i class=\"bi bi-caret-down-fill\"><\/i> <\/a>\n                <\/div>\n<ul class=\"list--publicaciones__header\" id=\"listSecond\">\n<li class=\"item--publicaciones__header\"><a href=\"\">Covid 19<\/a><\/li>\n<li class=\"item--publicaciones__header\"><a href=\"\">Bolet\u00edn<\/a><\/li>\n<li class=\"item--publicaciones__header\"><a href=\"\">Tips de calidad<\/a><\/li>\n<li class=\"item--publicaciones__header\"><a href=\"\">Alertas sanitarias Invima<\/a><\/li>\n<\/ul>\n<\/li>\n<li class=\"item__header\"><a href=\"#\">Calidad y normativa<\/a><\/li>\n<li class=\"item__header\"><a href=\"#\" id=\"contact\">Contacto<\/a><\/li>\n<\/ul>\n<div class=\"menu__header\">\n            <i class=\"bi bi-list-ul\"><\/i>\n        <\/div>\n<\/header>\n<p>    <main class=\"main\"><\/p>\n<section class=\"section--first__main\">\n<article class=\"contenr--sectionFirst__main\">\n                <img decoding=\"async\" class=\"section--image__main\" src=\"img\/imageFirst.jpg\" alt=\"Thirdman (2021) Hombre De Chaqueta Gris Sentado Al Lado De Una Mujer En Su\u00e9ter Negro [Fotograf\u00eda]. Recuperado de https:\/\/www.pexels.com\n                \"><\/p>\n<h2 class=\"section--text__main\">\n                    El cuidado que necesitas,<br \/>\n                    donde lo necesitas y<br \/>\n                    acompa\u00f1ado de quienes<br \/>\n                    te aman.<\/p>\n<div class=\"line\"><\/div>\n<\/h2>\n<\/article>\n<\/section>\n<section class=\"section--second__main\">\n<article class=\"contenr--sectionSecond__main\">\n<div class=\"contenido\">\n<h2 class=\"sectionSecond--text__main\">\u00bfQUI\u00c9NES SOMOS?<\/h2>\n<p> Somos una Instituci\u00f3n Prestadora de Salud<br \/>\n                        <strong>(IPS)<\/strong><br \/>\n                        con mas de 16 a\u00f1os de servicio en el \u00e1rea de la salud.<br \/>\n                        Prestamos servicios de<br \/>\n                        <strong>hospitalizaci\u00f3n domiciliaria<\/strong><br \/>\n                        en el \u00e1rea Metropolitana, contamos con un personal<br \/>\n                        asistencial reconocido en el medio por su formaci\u00f3n,<br \/>\n                        labor desempe\u00f1ada y su amplia experiencia en el \u00e1rea<br \/>\n                        domiciliaria, y tenemos a entera disponibilidad la<br \/>\n                        tecnolog\u00eda requerida para garantizar una atenci\u00f3n<br \/>\n                        <strong>integral y oportuna.<\/strong> <\/p>\n<\/p>\n<\/div>\n<\/article>\n<div class=\"lineSecond\"><\/div>\n<\/section>\n<section class=\"section--three__main\">\n<article class=\"contenedor--sectionThree__main\">\n                <img decoding=\"async\" src=\"img\/imageTwoSinFondo.png\"\n                alt=\"Hospitalizaci\u00f3n en casa: una alternativa de recuperaci\u00f3n en el entorno familiar\n                [fotograf\u00eda]. Recuperado de \n                https:\/\/www.fcv.org\/co\/images\/blog\/2023\/marzo\/hospitalizacion-en-casa-una-alternativa-de-recuperacion-en-el-entorno-familiar.webp el 19 de Octubre del 2023\n                \"><\/p>\n<div class=\"content--paragraph--sectionThree__main\">\n<div class=\"content--title__main\">\n                        <i class=\"bi bi-house-heart\"><\/i><\/p>\n<h2 class=\"text--sectionThree__main\">\n                            Hospitalizaci\u00f3n Domiciliaria<br \/>\n                        <\/h2>\n<\/p>\n<\/div>\n<div class=\"linethree\"><\/div>\n<p class=\"paragraph--sectionThree__main\">\n                        Desde la calidez de tu hogar,<br \/>\n                        recibe el manejo hospitalario que necesites.<br \/>\n                        Garantizamos la continuidad o terminaci\u00f3n del<br \/>\n                        tratamiento con la misma calidad y<br \/>\n                        seguridad de una cl\u00ednica.\n                    <\/p>\n<div class=\"content--button--sectionThree__main\">\n                        <a class=\"button--sectionThree__main\" href=\"#\" id=\"buttonService\">Servicios <i class=\"bi bi-arrow-right\"><\/i><\/a>\n                    <\/div>\n<\/p>\n<\/div>\n<\/article>\n<\/section>\n<section class=\"section--four__main\">\n<article class=\"contenedor--sectionFour__main\">\n<div class=\"content--left--sectionFour__main\">\n<h2>TRABAJAMOS CON<\/h2>\n<p>Instituciones de salud comprometidas.<\/p>\n<\/p>\n<\/div>\n<div class=\"content--rigth--sectionFour__main\">\n<p>                    <a href=\"https:\/\/www.epssura.com\/\" target=\"_blank\" rel=\"noopener\"><br \/>\n                        <img decoding=\"async\" src=\"img\/sura01-02.png\" alt=\"logitpo\/sura\"><br \/>\n                    <\/a><\/p>\n<p>                    <a href=\"https:\/\/coomsocialips.com\/inicio\" target=\"_blank\" rel=\"noopener\"><br \/>\n                        <img decoding=\"async\" src=\"img\/comSocial01-02.png\" alt=\"logotipo\/comSocial\"><br \/>\n                    <\/a><\/p>\n<p>                    <a href=\"https:\/\/www.epssanitas.com\/usuarios\/web\/nuevo-portal-eps#gsc.tab=0\" target=\"_blank\" rel=\"noopener\"><br \/>\n                        <img decoding=\"async\" src=\"img\/epsSanitas01-02.png\" alt=\"logotipo\/epsSanitas\"><br \/>\n                    <\/a><\/p>\n<\/div>\n<\/article>\n<\/section>\n<section class=\"section--five__main\">\n<article class=\"contenedor--sectionFive__main\">\n<div class=\"content--left--sectionFive__main\">\n<div class=\"contentCard--first--secondFive__main\">\n<p><i class=\"bi bi-person-standing\"><\/i><br \/>\n                            Hospitalizaci\u00f3n Adultos\n                        <\/p>\n<\/p>\n<\/div>\n<div class=\"contentCard--first--secondFive__main\">\n<p><i class=\"bi bi-person-standing\"><\/i><br \/>\n                            Hospitalizaci\u00f3n Pedi\u00e1trica\n                        <\/p>\n<\/p>\n<\/div>\n<div class=\"contentCard--first--secondFive__main\">\n<p><i class=\"bi bi-person-standing\"><\/i><br \/>\n                            Hospitalizaci\u00f3n paciente cr\u00f3nico sin ventilador\n                        <\/p>\n<\/p>\n<\/div>\n<p>                    <!--Segunda fila--><\/p>\n<div class=\"contentCard--first--secondFive__main\">\n<p><i class=\"bi bi-person-standing\"><\/i><br \/>\n                            Enfermer\u00eda\n                        <\/p>\n<\/p>\n<\/div>\n<div class=\"contentCard--first--secondFive__main\">\n<p><i class=\"bi bi-person-standing\"><\/i><br \/>\n                            Medicina general\n                        <\/p>\n<\/p>\n<\/div>\n<div class=\"contentCard--first--secondFive__main\">\n<p><i class=\"bi bi-person-standing\"><\/i><br \/>\n                            Nutrici\u00f3n y dietetica\n                        <\/p>\n<\/p>\n<\/div>\n<p>                    <!-- Tercera fila--><\/p>\n<div class=\"contentCard--first--secondFive__main\">\n<p><i class=\"bi bi-person-standing\"><\/i><br \/>\n                            Psicolog\u00eda\n                        <\/p>\n<\/p>\n<\/div>\n<div class=\"contentCard--first--secondFive__main\">\n<p><i class=\"bi bi-person-standing\"><\/i><br \/>\n                            Toma de muestras de laboratorio cl\u00ednico\n                        <\/p>\n<\/p>\n<\/div>\n<div class=\"contentCard--first--secondFive__main\">\n<p><i class=\"bi bi-person-standing\"><\/i><br \/>\n                            Servicio farmac\u00e9utico\n                        <\/p>\n<\/p>\n<\/div>\n<p>                    <!-- Cuarta fila--><\/p>\n<div class=\"contentCard--first--secondFive__main\">\n<p><i class=\"bi bi-person-standing\"><\/i><br \/>\n                            Terapia ocupacional\n                        <\/p>\n<\/p>\n<\/div>\n<div class=\"contentCard--first--secondFive__main\">\n<p><i class=\"bi bi-person-standing\"><\/i><br \/>\n                            Terapia respiratoria\n                        <\/p>\n<\/p>\n<\/div>\n<div class=\"contentCard--first--secondFive__main\">\n<p><i class=\"bi bi-person-standing\"><\/i><br \/>\n                            Fisioterapia\n                        <\/p>\n<\/p>\n<\/div>\n<p>                    <!-- Quinta fila--><\/p>\n<div class=\"contentCard--first--secondFive__main\">\n<p><i class=\"bi bi-person-standing\"><\/i><br \/>\n                            Fonoaudiolog\u00eda y\/o Terapia del lenguaje\n                        <\/p>\n<\/p>\n<\/div>\n<\/div>\n<div class=\"content--right--sectionFive__main\">\n<h2>SERVICIOS<\/h2>\n<div class=\"lineFour\"><\/div>\n<\/p>\n<\/div>\n<\/article>\n<article class=\"modal--service--sectionFive__main\" id=\"modalCall\">\n<div class=\"contentCard--text--sectionFive__main\">\n<h3 class=\"title--sectionFive__main\" id=\"textModal\">Hospitalizacion<\/h3>\n<\/p>\n<\/div>\n<p class=\"paragraph--sectionFive__main\" id=\"paragraph--sectionFive__main\">\n                    Lorem ipsum dolor sit amet consectetur<br \/>\n                    adipisicing elit. Totam, aut architecto perferendis<br \/>\n                    dolorem est aliquam ipsa doloribus beatae saepe maxime<br \/>\n                    quod reiciendis commodi quidem. Placeat neque<br \/>\n                    assumenda obcaecati molestias magni.\n                <\/p>\n<\/article>\n<\/section>\n<section class=\"section--six__main\">\n<article class=\"contenedor--sectionSix__main\">\n<p>&#8220;Nuestra prioridad es la vida&#8221;.<\/p>\n<\/article>\n<\/section>\n<section class=\"section--seven__main\">\n<article class=\"contenedor--sectionSeven__main\">\n<div class=\"title--section__main\">\n<h2>\u00bfQu\u00e9 dicen nuestros pacientes?<\/h2>\n<div class=\"line--seven\"><\/div>\n<\/p>\n<\/div>\n<div class=\"card\">\n<div class=\"content--card--sectionSeven__main\">\n<div class=\"card--sectionSeven__main\">\n<div class=\"comillas--sectionSeven__main\">\n<p>&#8220;<\/p>\n<\/p>\n<\/div>\n<div class=\"content--sectionSeven__main\">\n<p>Felicitaciones, es un servicio que en<br \/>\n                                    pocas ciudades se ve y definitivament<br \/>\n                                    es muy buena la atenci\u00f3n y la amabilidad,<br \/>\n                                    que se siga mejorando cada d\u00eda m\u00e1s.\n                                <\/p>\n<\/p>\n<\/div>\n<\/div>\n<div class=\"name__sectionSeven__main\">\n<h5>Luis Miguel Ortega<\/h5>\n<p>PACIENTE<\/p>\n<\/p>\n<\/div>\n<\/div>\n<div class=\"content--card--sectionSeven__main\">\n<div class=\"card--sectionSeven__main\">\n<div class=\"comillas--sectionSeven__main\">\n<p>&#8220;<\/p>\n<\/p>\n<\/div>\n<div class=\"content--sectionSeven__main\">\n<p>Todas las felicitaciones posibles,<br \/>\n                                    excelente servicio. Quedo totalmente agradecida<br \/>\n                                    y feliz, los auxiliares tienen calidad humana,<br \/>\n                                    son atentos y muy especiales, hacen muy bien su trabajo.\n                                <\/p>\n<\/p>\n<\/div>\n<\/div>\n<div class=\"name__sectionSeven__main\">\n<h5>Ruth Amira Oyuela de Alzarate<\/h5>\n<p>PACIENTE<\/p>\n<\/p>\n<\/div>\n<\/div>\n<\/div>\n<\/article>\n<\/section>\n<section class=\"section--eight\">\n<article class=\"content--sectionEight__main\">\n<div class=\"circle--sectionEight__main\">\n                    <a href=\"https:\/\/api.whatsapp.com\/send\/?phone=3007099943\"><i class=\"bi bi-whatsapp\"><\/i><\/a>\n                <\/div>\n<\/article>\n<\/section>\n<section class=\"section--nine\">\n<article class=\"content--sectionNine__main\">\n<div class=\"circle--sectionNine__main\">\n                    <a href=\"#header\"><i class=\"bi bi-arrow-up\"><\/i><\/a>\n                <\/div>\n<\/article>\n<\/section>\n<p>    <\/main><\/p>\n<footer class=\"footer\">\n<section class=\"section--first__footer\">\n<article class=\"informacion--sectionFirst__footer\">\n<div class=\"firstContent\">\n<div class=\"title--sectionFirst__footer\">\n                        <i class=\"bi bi-file-earmark-fill\"><\/i><\/p>\n<h4>Sobre nosotros<\/h4>\n<\/p>\n<\/div>\n<ul class=\"list--sectionFirst__footer\">\n<li class=\"items--sectionFirst__footer\">\n                            <a class=\"link\" href=\"\">FAQ<\/a>\n                        <\/li>\n<li class=\"items--sectionFirst__footer\">\n                            <a class=\"link\" href=\"\">Trabaja con nosotros<\/a>\n                        <\/li>\n<li class=\"items--sectionFirst__footer\">\n                            <a class=\"link\" href=\"http:\/\/site.saludtrec.com.co\/wp-content\/uploads\/2020\/08\/A-GI-001-POLITICA-DE-PROTECCION-DE-DATOS-PERSONALES.pdf\" target=\"_blank\" rel=\"noopener\">Protecci\u00f3n de datos personales<\/a>\n                        <\/li>\n<\/ul>\n<\/div>\n<div class=\"secondContent\">\n<div class=\"title--sectionFirst__footer\">\n                        <i class=\"bi bi-arrow-repeat\"><\/i><\/p>\n<h4>Acerca de<\/h4>\n<\/p>\n<\/div>\n<ul class=\"list--sectionFirst__footer\">\n<li class=\"items--sectionFirst__footer\">\n                            <i class=\"bi bi-geo-alt-fill\"><\/i><\/p>\n<p>Carrera 49A #48 SUR &#8211; 100 Bodega 109 Univegas<\/p>\n<\/li>\n<li class=\"items--sectionFirst__footer\">\n                            <i class=\"bi bi-telephone-fill\"><\/i><\/p>\n<p>300 709 99 43<\/p>\n<\/li>\n<li class=\"items--sectionFirst__footer\">\n                            <i class=\"bi bi-envelope-arrow-up-fill\"><\/i><\/p>\n<p>info@saludtrec.co<\/p>\n<\/li>\n<\/ul>\n<\/div>\n<\/article>\n<\/section>\n<section class=\"section--second__footer\">\n<p> Copyright \u00a9 2023 &#8211; Todos los derechos reservados.<\/p>\n<div class=\"icons--sectionSecond__footer\">\n                <a href=\"\"><br \/>\n                    <i class=\"bi bi-facebook\"><\/i><br \/>\n                <\/a><br \/>\n                <a href=\"\"><br \/>\n                    <i class=\"bi bi-twitter\"><\/i><br \/>\n                <\/a><br \/>\n                <a href=\"\"><br \/>\n                    <i class=\"bi bi-youtube\"><\/i><br \/>\n                <\/a>\n           <\/div>\n<\/section>\n<\/footer>\n<p>    <script src=\"js\/script__controller.js\" type=\"module\"><\/script><br \/>\n<\/body><\/p>","protected":false},"excerpt":{"rendered":"<p>Esta es una p\u00e1gina de ejemplo. Es diferente de una entrada de blog porque se quedar\u00e1 en ese lugar y se mostrar\u00e1 en la navegaci\u00f3n de tu sitio (en la mayor\u00eda de los temas). La mayor\u00eda de la gente comienza con una p\u00e1gina de acerca de que los introduce a los visitantes potenciales del sitio. [&hellip;]<\/p>\n","protected":false},"author":1,"featured_media":0,"parent":0,"menu_order":0,"comment_status":"closed","ping_status":"open","template":"","meta":{"footnotes":""},"class_list":["post-2","page","type-page","status-publish","hentry"],"_links":{"self":[{"href":"https:\/\/www.tacticacorporativa.co\/index.php?rest_route=\/wp\/v2\/pages\/2","targetHints":{"allow":["GET"]}}],"collection":[{"href":"https:\/\/www.tacticacorporativa.co\/index.php?rest_route=\/wp\/v2\/pages"}],"about":[{"href":"https:\/\/www.tacticacorporativa.co\/index.php?rest_route=\/wp\/v2\/types\/page"}],"author":[{"embeddable":true,"href":"https:\/\/www.tacticacorporativa.co\/index.php?rest_route=\/wp\/v2\/users\/1"}],"replies":[{"embeddable":true,"href":"https:\/\/www.tacticacorporativa.co\/index.php?rest_route=%2Fwp%2Fv2%2Fcomments&post=2"}],"version-history":[{"count":3,"href":"https:\/\/www.tacticacorporativa.co\/index.php?rest_route=\/wp\/v2\/pages\/2\/revisions"}],"predecessor-version":[{"id":20,"href":"https:\/\/www.tacticacorporativa.co\/index.php?rest_route=\/wp\/v2\/pages\/2\/revisions\/20"}],"wp:attachment":[{"href":"https:\/\/www.tacticacorporativa.co\/index.php?rest_route=%2Fwp%2Fv2%2Fmedia&parent=2"}],"curies":[{"name":"wp","href":"https:\/\/api.w.org\/{rel}","templated":true}]}}